4/4 - 5*k**3/3 - k**2/2 - 2*k + 1. Let h be g(-4). What are the prime factors of 30/4 + (-21)/h?
3
Let v(k) = -k. Let z(o) = -o**2 - 8*o - 9. Let m(p) = v(p) + z(p). Let u be (-2)/8 + 46/(-8). What are the prime factors of m(u)?
3
Suppose 3*i + 5 = 20. Let r = -2 + i. List the prime factors of r.
3
Let u be 10/45 - 40/18. What are the prime factors of (36/(-10))/(u/5)?
3
Let n = 12 - -16. Suppose -n = -o - 6. List the prime factors of o.
2, 11
Let x(t) = t**2 - 2*t - 1. Let s = 3 + -6. List the prime factors of x(s).
2, 7
Suppose -15*s - 5 = -16*s. List the prime factors of s.
5
Let x be 3*3/9 + -14. Let q = 33 + x. Suppose -2*j + q = 2. List the prime factors of j.
3
Let r(q) = q**2 + 12*q + 11. Let o be r(-12). Let c = -17 - o. Let d = -19 - c. What are the prime factors of d?
3
Suppose -4*b + 0*q = q - 481, -q - 366 = -3*b. What are the prime factors of b?
11
Let p be 2/(-3 - -9)*3. What are the prime factors of p - -15 - (-2)/(-1)?
2, 7
Let x(r) = r + 6. Suppose 0 = 4*v + 3*u - 44, -5*u - 12 = 8. What are the prime factors of x(v)?
2, 5
Let a = -37 - -61. Suppose 2*t = -t - a. What are the prime factors of 2/(-8) - 66/t?
2
Suppose 3*i = 12*i - 2025. What are the prime factors of i?
3, 5
Let x(y) = -y**2 - 27*y - 18. List the prime factors of x(-25).
2
Let i(f) = -f - 4*f**2 - 2*f**3 + f**3 - 2 - 4*f. List the prime factors of i(-3).
2
Let s(q) be the second derivative of -5*q**3/3 + q**2/2 - q. What are the prime factors of s(-1)?
11
Let w(f) = f**3 - 2*f**2 - f - 4. Let v be w(4). Suppose 0 = -t + 7 + v. List the prime factors of t.
31
Let c be 3/6*-2 - -1. Suppose c = -r - r + 36. What are the prime factors of r?
2, 3
Suppose 2*c - s - 18 = 0, -c - 42 = -5*c + 5*s. List the prime factors of c.
2
Let p = 8 - -3. Let k(q) = q**2 - 5*q - 1. Let l be k(5). Let v = l + p. List the prime factors of v.
2, 5
Suppose -3*t + 9 + 3 = 0. What are the prime factors of ((-13)/2)/((-2)/t)?
13
Let g = 39 + -18. What are the prime factors of g?
3, 7
Suppose 0 = 7*o - 3*o - 40. What are the prime factors of o?
2, 5
Let s = 18 + -12. List the prime factors of s.
2, 3
Let y be (-3)/(-6) + (-7)/(-2). Let k(a) = a**2 - a. List the prime factors of k(y).
2, 3
What are the prime factors of 55 + (3 - 4) + 3?
3, 19
Let y = 24 + -8. List the prime factors of y.
2
What are the prime factors of -26*(-6)/8*(3 + 3)?
3, 13
Suppose -2*b + 189 = 73. What are the prime factors of b?
2, 29
Suppose -6*r + 24 = -0*r. Suppose 3*w - 13 = -q + 11, 3 = -w - r*q. List the prime factors of w.
3
Let p(d) = 3*d - 11. Let o(s) = -s + 10. Let m be o(0). List the prime factors of p(m).
19
Suppose 5*v = 3*v + 14. Let n = v - 1. What are the prime factors of n?
2, 3
Suppose 5*r + 3*g - 171 = 0, -5*r + 4*g = -99 - 93. List the prime factors of r.
2, 3
Let i = 79 + -39. List the prime factors of i.
2, 5
Suppose -14 = -3*a - 5. Let q = 1 + a. List the prime factors of q.
2
Let s(q) be the second derivative of q**4/24 + 11*q**3/6 + q**2/2 + 2*q. Let l(o) be the first derivative of s(o). List the prime factors of l(-9).
2
Let g be (0 - 2) + 2 + 55. Let i = g + -37. Suppose 2*k - i = 20. List the prime factors of k.
19
Suppose -7*t + 12 = -3*t. List the prime factors of t.
3
Let b(a) = a - 4. Let k be b(6). Let y be 8/k*(-177)/(-6). What are the prime factors of 2/8 - y/(-8)?
3, 5
List the prime factors of (-4 - 4556/(-28)) + (-2)/(-7).
3, 53
Let b = -9 + 14. Suppose q - b + 2 = 0. What are the prime factors of q?
3
Suppose -2*m - m = -195. Let i = 98 - m. List the prime factors of i.
3, 11
Let m(o) = o + 6. Let w be m(7). Suppose -5*s - d = d - w, -2*s = d - 5. What are the prime factors of s?
3
Suppose -16*h = -14*h - 68. List the prime factors of h.
2, 17
Let s = 426 - 264. What are the prime factors of s?
2, 3
Let a(u) = 2*u**2 + 40*u + 23. List the prime factors of a(-22).
3, 37
Suppose 2 + 28 = 3*x - 3*z, -3*x - 5*z + 6 = 0. What are the prime factors of x?
7
Let x be 6/8 + (-65)/(-20). Suppose -3*t = -5*g + 31, x*t + 12 + 1 = g. List the prime factors of t/9 + (-60)/(-27).
2
Let l = 1 + 2. Suppose l + 2 = -p. Let q(m) = m**2 + 3*m + 2. List the prime factors of q(p).
2, 3
Suppose -3*i = -d - 90, 0 = -3*i + 3*d + 20 + 70. What are the prime factors of i?
2, 3, 5
Let r(t) = -9*t - 11. What are the prime factors of r(-13)?
2, 53
Suppose 15 = -5*f + 425. List the prime factors of f.
2, 41
Let j be 3/(-6) + (-10)/(-4). Suppose -308 = -6*z + j*z. Suppose -5*d + z = 12. List the prime factors of d.
13
List the prime factors of 4/(-10)*(-94 + -1).
2, 19
What are the prime factors of 550/35 - 2/(-7)?
2
Let d(u) = 4*u**2 + 3*u - 5. Let y(l) = -2*l**2 - 2*l + 3. Let a(t) = 3*d(t) + 5*y(t). List the prime factors of a(2).
2, 3
Suppose 2*n - 2*q + q - 3 = 0, 2*n + 7 = 3*q. Suppose 0 = 4*r - n*m - 16, -5 + 1 = 2*m. List the prime factors of r/((-2)/4*-2).
2
Let c(p) be the third derivative of -p**5/60 - 7*p**4/24 - 2*p**2. Let s(i) = -2*i**2 - 15*i. Let x(w) = -7*c(w) + 3*s(w). What are the prime factors of x(-6)?
2, 3
Suppose 3*l = -3*n + 12, -4*l = -0*n - 5*n - 7. Let m = n - -1. Let g(i) = 6*i - 2. What are the prime factors of g(m)?
2, 5
Suppose 0 = -8*f + 4*f + 216. What are the prime factors of f?
2, 3
Let u be -32*(2 + (2 - 3)). Let k = -80 + 57. Let g = k - u. What are the prime factors of g?
3
Let h = -21 + 28. List the prime factors of h.
7
Suppose 0 = j + 10 - 5, 3*j - 61 = -m. List the prime factors of m.
2, 19
Let u = -6 - -11. Suppose 0 = -o - u*f + 13, 5*o - f = 39. List the prime factors of o.
2
What are the prime factors of (-2*1)/(8/(-136))?
2, 17
Suppose -4*n = -g - 17, 69 + 17 = -3*g + 5*n. Let t be g/(-7) - 4/14. Let y(p) = p**2 - 4*p + 7. List the prime factors of y(t).
2, 3
Let m = 2 - -2. Suppose -m*z + 14 = -126. List the prime factors of z.
5, 7
Let t be 1 - -2 - (1 - 4). Suppose -4*o = -t*o + 2*b + 26, 0 = 3*o + 5*b - 79. Suppose -4*q + o = -q. What are the prime factors of q?
2, 3
List the prime factors of (124/5 + 1)/(6/30).
3, 43
Suppose -6*x = -5*x + 10. Let p = 14 - x. Suppose -u - u = -p. What are the prime factors of u?
2, 3
Suppose -3*b - 1 + 7 = 0. Let q be (60/(-18))/(b/(-3)). Let j = -2 + q. List the prime factors of j.
3
List the prime factors of (-2 - -3) + (3 + 13)*5.
3
Suppose 2*s + 3*s - 25 = 0. Let u(j) = j - 5. Let a be u(s). Suppose -3*p = -2*o - 32, 5*p - 3*o + 8*o - 95 = a. What are the prime factors of p?
2, 7
What are the prime factors of (-4)/(-18) + 1876/63?
2, 3, 5
List the prime factors of 4/18 + (-804)/(-27).
2, 3, 5
Let x = 352 + -162. What are the prime factors of x?
2, 5, 19
Let q(k) = k**3 + 6*k**2 - 9*k - 4. Let i be q(-7). Let d = i + -1. Suppose 0 = -s - 5*g + d, 0 = 5*s - 5*g - 64 - 41. List the prime factors of s.
19
Let s(w) = 3*w - 5. Let q be 153/15 + 1/(-5). List the prime factors of s(q).
5
Suppose 0 = -t + 5*t - 16. Suppose h - 5 = n - 3*h, -4*n - t*h = -20. List the prime factors of (-1)/(-1)*(n - -2).
5
Let g(y) be the second derivative of y**4/12 - 2*y**3/3 + 7*y**2/2 + 3*y. What are the prime factors of g(7)?
2, 7
Suppose 2*r + v - 29 = 0, -3*r + 15 = v - 27. Suppose 0 - r = -x. What are the prime factors of x?
13
Let n be 12/(-1 + -2) - -17. Let l = 0 - -3. Suppose u - 3*u + 3*f = -n, 0 = l*u + 5*f - 48. List the prime factors of u.
11
Let f(a) = -a**3 + 5*a**2 - a + 3. Let w be f(5). Let x be 6*(w + (-15)/(-9)). List the prime factors of 16/x*(-4)/4.
2
Let a(g) = -13*g - 4. What are the prime factors of a(-6)?
2, 37
Suppose -4*l - 46 = q - 2*q, 2*l + 74 = 2*q. List the prime factors of q.
2, 17
Let g = -16 + 12. What are the prime factors of (g/8)/(-1)*82?
41
Suppose -4*l + 0 + 12 = 0. What are the prime factors of 2/l + 34/3?
2, 3
What are the prime factors of (-9)/36 - (-1083)/12?
2, 3, 5
Let o = 1 - 3. Let i(p) = -4*p + 1. List the prime factors of i(o).
3
Let f = 9 + 11. List the prime factors of f.
2, 5
Let o = -484 + 694. List the prime factors of o.
2, 3, 5, 7
Let g be (-4)/(-2)*(5 + -3). Suppose 0 = g*c - 0*c - 104. List the prime factors of c.
2, 13
Let z(u) be the second derivative of u**4/6 - u**3/6 + u**2 + 2*u. List the prime factors of z(2).
2
Suppose 3*f - 18 = f. Let b = 28 - f. List the prime factors of b.
19
Let n(i) = -5*i + 11. List the prime factors of n(-19).
2, 53
Suppose -3*h + 26 = -0*h + 2*y, 3*